at is the remainder when 164 is divided by 15?
14
Calculate the remainder when 6170 is divided by 3.
2
What is the remainder when 44 is divided by 12?
8
What is the remainder when 384 is divided by 32?
0
Calculate the remainder when 520 is divided by 472.
48
What is the remainder when 318 is divided by 19?
14
Calculate the remainder when 1845 is divided by 40.
5
What is the remainder when 38 is divided by 8?
6
What is the remainder when 979 is divided by 324?
7
Calculate the remainder when 785 is divided by 64.
17
What is the remainder when 1597 is divided by 94?
93
Calculate the remainder when 149 is divided by 84.
65
What is the remainder when 239 is divided by 16?
15
What is the remainder when 58 is divided by 18?
4
What is the remainder when 2371 is divided by 20?
11
What is the remainder when 599 is divided by 100?
99
Calculate the remainder when 281 is divided by 47.
46
Calculate the remainder when 159 is divided by 73.
13
What is the remainder when 144 is divided by 87?
57
Calculate the remainder when 133 is divided by 27.
25
What is the remainder when 5758 is divided by 32?
30
What is the remainder when 47 is divided by 6?
5
Calculate the remainder when 27138 is divided by 58.
52
Calculate the remainder when 1475 is divided by 36.
35
Calculate the remainder when 39377 is divided by 44.
41
What is the remainder when 106 is divided by 104?
2
Calculate the remainder when 1865 is divided by 64.
9
Calculate the remainder when 4033 is divided by 33.
7
Calculate the remainder when 189 is divided by 10.
9
What is the remainder when 239 is divided by 5?
4
Calculate the remainder when 1324 is divided by 30.
4
What is the remainder when 38 is divided by 13?
12
What is the remainder when 412 is divided by 56?
20
Calculate the remainder when 237 is divided by 37.
15
What is the remainder when 708 is divided by 14?
8
Calculate the remainder when 746 is divided by 47.
41
Calculate the remainder when 409 is divided by 59.
55
Calculate the remainder when 257 is divided by 114.
29
Calculate the remainder when 65 is divided by 8.
1
Calculate the remainder when 86 is divided by 22.
20
Calculate the remainder when 660 is divided by 37.
31
What is the remainder when 3202 is divided by 6?
4
What is the remainder when 32 is divided by 22?
10
Calculate the remainder when 434 is divided by 148.
138
Calculate the remainder when 84 is divided by 30.
24
Calculate the remainder when 3622 is divided by 74.
70
What is the remainder when 32 is divided by 13?
6
What is the remainder when 417 is divided by 12?
9
Calculate the remainder when 116 is divided by 9.
8
What is the remainder when 128 is divided by 44?
40
What is the remainder when 30 is divided by 22?
8
Calculate the remainder when 63 is divided by 43.
20
Calculate the remainder when 4336 is divided by 4336.
0
What is the remainder when 12 is divided by 2?
0
Calculate the remainder when 966 is divided by 15.
6
What is the remainder when 1755 is divided by 293?
290
Calculate the remainder when 142 is divided by 13.
12
What is the remainder when 98 is divided by 56?
42
Calculate the remainder when 167 is divided by 17.
14
Calculate the remainder when 589 is divided by 195.
4
Calculate the remainder when 5358 is divided by 37.
30
Calculate the remainder when 1973 is divided by 86.
81
Calculate the remainder when 166 is divided by 44.
34
Calculate the remainder when 290 is divided by 159.
131
What is the remainder when 60 is divided by 41?
19
Calculate the remainder when 295 is divided by 135.
25
What is the remainder when 1549 is divided by 62?
61
What is the remainder when 89 is divided by 33?
23
Calculate the remainder when 429 is divided by 130.
39
What is the remainder when 130 is divided by 16?
2
Calculate the remainder when 48 is divided by 39.
9
Calculate the remainder when 125 is divided by 21.
20
What is the remainder when 519 is divided by 98?
29
Calculate the remainder when 1822 is divided by 83.
79
Calculate the remainder when 333 is divided by 72.
45
What is the remainder when 2853 is divided by 84?
81
Calculate the remainder when 464 is divided by 219.
26
What is the remainder when 43 is divided by 22?
21
Calculate the remainder when 930 is divided by 104.
98
What is the remainder when 1025 is divided by 265?
230
Calculate the remainder when 1273 is divided by 85.
83
Calculate the remainder when 23 is divided by 4.
3
What is the remainder when 206 is divided by 70?
66
Calculate the remainder when 1346 is divided by 19.
16
Calculate the remainder when 3602 is divided by 44.
38
Calculate the remainder when 692 is divided by 68.
12
Calculate the remainder when 52 is divided by 19.
14
Calculate the remainder when 105 is divided by 62.
43
Calculate the remainder when 268 is divided by 23.
15
Calculate the remainder when 338 is divided by 202.
136
Calculate the remainder when 131 is divided by 45.
41
Calculate the remainder when 679 is divided by 62.
59
What is the remainder when 3953 is divided by 15?
8
What is the remainder when 584 is divided by 13?
12
What is the remainder when 459 is divided by 42?
39
What is the remainder when 47031 is divided by 26?
23
What is the remainder when 298 is divided by 100?
98
What is the remainder when 221 is divided by 60?
41
What is the remainder when 96 is divided by 25?
21
What is the remainder when 151 is divided by 28?
11
What is the remainder when 8114 is divided by 82?
78
Calculate the remainder when 587 is divided by 235.
117
What is the remainder when 898 is divided by 444?
10
Calculate the remainder when 897 is divided by 488.
409
What is the remainder when 451 is divided by 36?
19
Calculate the remainder when 266 is divided by 18.
14
Calculate the remainder when 457 is divided by 22.
17
Calculate the remainder when 258 is divided by 9.
6
Calculate the remainder when 247 is divided by 12.
7
What is the remainder when 2157 is divided by 8?
5
Calculate the remainder when 2349 is divided by 44.
17
What is the remainder when 703 is divided by 186?
145
Calculate the remainder when 96 is divided by 20.
16
Calculate the remainder when 15 is divided by 9.
6
What is the remainder when 182 is divided by 117?
65
Calculate the remainder when 59 is divided by 30.
29
Calculate the remainder when 7376 is divided by 17.
15
What is the remainder when 90 is divided by 19?
14
Calculate the remainder when 435 is divided by 32.
19
What is the remainder when 4619 is divided by 12?
11
Calculate the remainder when 1211 is divided by 94.
83
What is the remainder when 283 is divided by 185?
98
Calculate the remainder when 788 is divided by 18.
14
What is the remainder when 242 is divided by 52?
34
What is the remainder when 445 is divided by 11?
5
Calculate the remainder when 189 is divided by 64.
61
Calculate the remainder when 244 is divided by 62.
58
What is the remainder when 2300 is divided by 59?
58
What is the remainder when 503 is divided by 264?
239
Calculate the remainder when 746 is divided by 354.
38
Calculate the remainder when 4029 is divided by 10.
9
What is the remainder when 212 is divided by 43?
40
Calculate the remainder when 6 is divided by 6.
0
Calculate the remainder when 103 is divided by 64.
39
Calculate the remainder when 1798 is divided by 60.
58
What is the remainder when 228 is divided by 43?
13
Calculate the remainder when 260 is divided by 9.
8
Calculate the remainder when 1038 is divided by 13.
11
Calculate the remainder when 525 is divided by 127.
17
What is the remainder when 189 is divided by 30?
9
Calculate the remainder when 6246 is divided by 133.
128
Calculate the remainder when 777 is divided by 98.
91
Calculate the remainder when 527 is divided by 173.
8
Calculate the remainder when 142 is divided by 37.
31
What is the remainder when 212 is divided by 110?
102
What is the remainder when 1505 is divided by 94?
1
Calculate the remainder when 126 is divided by 16.
14
What is the remainder when 245 is divided by 13?
11
What is the remainder when 8 is divided by 3?
2
What is the remainder when 27495 is divided by 28?
27
Calculate the remainder when 14913 is divided by 66.
63
What is the remainder when 174 is divided by 20?
14
What is the remainder when 64 is divided by 12?
4
Calculate the remainder when 1138 is divided by 148.
102
What is the re